{"id":7806,"date":"2024-11-07T10:43:01","date_gmt":"2024-11-07T09:43:01","guid":{"rendered":"https:\/\/yamaha-centar.hr\/?page_id=7806"},"modified":"2024-11-07T13:48:48","modified_gmt":"2024-11-07T12:48:48","slug":"y-amt-yamaha-automated-manual-transmission","status":"publish","type":"page","link":"https:\/\/yamaha-centar.hr\/?page_id=7806","title":{"rendered":"Y-AMT: Yamaha Automated Manual Transmission"},"content":{"rendered":"<p>Svaki korak u na\u0161em tehnolo\u0161kom razvoju nastoji vam pru\u017eiti sve uronjenije iskustvo vo\u017enje, jo\u0161 zaraznije i zadovoljnije. Novi Yamaha Automatski Ru\u010dni Mjenja\u010d (Y-AMT) donosi taj osje\u0107aj na novu razinu, ozna\u010davaju\u0107i po\u010detak nove ere s naprednom tehnologijom promjene brzina koja uvodi novu dimenziju sportske vo\u017enje.<\/p>\n<p><iframe loading=\"lazy\" title=\"Y-AMT: Yamaha Automated Manual Transmission\" src=\"https:\/\/www.youtube.com\/embed\/mJaNvsd56gg\" width=\"952\" height=\"529\" frameborder=\"0\" allowfullscreen=\"allowfullscreen\"><\/iframe><\/p>\n<h5>TEHNOLOGIJA MIJENJANJA BRZINE NOVE GENERACIJE<\/h5>\n<p>Y-AMT vam omogu\u0107uje da se potpuno usredoto\u010dite na u\u017eivanje u sportskoj izvedbi va\u0161eg motocikla, pru\u017eaju\u0107i dosljedno linearne promjene brzina kako bi stvorio najuzbudljivije iskustvo vo\u017enje s izborom glatke, ru\u010dne promjene brzina upravljane prstima (MT) ili dvomode potpuno automatske transmisije (AT).<\/p>\n<table style=\"margin-bottom: 40px; margin-top: 40px;\">\n<tbody>\n<tr>\n<td style=\"width: 50%; border: 1px solid gray; text-align: center; padding: 10px;\"><img loading=\"lazy\" decoding=\"async\" class=\"alignnone size-medium wp-image-7807\" src=\"https:\/\/yamaha-centar.hr\/wp-content\/uploads\/2024\/11\/rucna_transmisija-300x169.webp\" alt=\"\" width=\"300\" height=\"169\" srcset=\"https:\/\/yamaha-centar.hr\/wp-content\/uploads\/2024\/11\/rucna_transmisija-300x169.webp 300w, https:\/\/yamaha-centar.hr\/wp-content\/uploads\/2024\/11\/rucna_transmisija-1024x576.webp 1024w, https:\/\/yamaha-centar.hr\/wp-content\/uploads\/2024\/11\/rucna_transmisija-768x432.webp 768w, https:\/\/yamaha-centar.hr\/wp-content\/uploads\/2024\/11\/rucna_transmisija-1536x864.webp 1536w, https:\/\/yamaha-centar.hr\/wp-content\/uploads\/2024\/11\/rucna_transmisija.webp 1600w\" sizes=\"auto, (max-width: 300px) 100vw, 300px\" \/><\/td>\n<td style=\"width: 50%; border: 1px solid gray; text-align: center; padding: 10px;\">\n<h6>MT: Manual Transmission &#8211; Ru\u010dna Transmisija<\/h6>\n<p>S MT-om, brze i precizne promjene brzina su vam na dohvat ruke, bez potrebe za ru\u010dnim upravljanjem spojkom. Promjene brzina kontroliraju se ka\u017eiprstom i palcem, putem dvije poluge za promjenu brzina \u2013 poluga plus za pove\u0107anje brzina i poluga minus za smanjenje brzina. Za ve\u0107u kontrolu u sportskoj vo\u017enji, poluga plus se tako\u0111er mo\u017ee povu\u0107i za promjenu brzina prema gore i gurnuti za promjenu brzina prema dolje samo ka\u017eiprstom, pru\u017eaju\u0107i ve\u0107u slobodu jer nema potrebe za uklanjanjem palca s upravlja\u010da.<\/td>\n<\/tr>\n<\/tbody>\n<\/table>\n<table style=\"margin-bottom: 40px; margin-top: 40px;\">\n<tbody>\n<tr>\n<td style=\"width: 50%; border: 1px solid gray; text-align: center; padding: 10px;\">\n<h6>AT: Automatic Transmission &#8211; Automatska Transmisija<\/h6>\n<p>Koriste\u0107i AT, mo\u017eete birati izme\u0111u dva programa koji odgovaraju razli\u010ditim scenarijima vo\u017enje \u2013 lako se prebacuju u bilo kojem trenutku putem namjenskog gumba MODE. D+ MODE nudi sportsku promjenu brzina pomicanjem kasnije u rasponu okretaja kako bi zadr\u017eao uzbu\u0111enje vo\u017enje, a pritom nudi prednosti potpuno automatske transmisije. D MODE pru\u017ea mek\u0161e iskustvo promjene brzina, dok odr\u017eava niske okretaje, kako bi se maksimizirala sigurnost tijekom vo\u017enje pri niskim brzinama, urbanoj vo\u017enji i manevriranju. Dok ste u AT, tako\u0111er mo\u017eete odabrati ru\u010dnu promjenu brzina u bilo kojem trenutku jednostavno koriste\u0107i poluge za promjenu brzina.<\/td>\n<td style=\"width: 50%; border: 1px solid gray; text-align: center; padding: 10px;\">\n<h6><img loading=\"lazy\" decoding=\"async\" class=\"alignnone size-medium wp-image-7813\" src=\"https:\/\/yamaha-centar.hr\/wp-content\/uploads\/2024\/11\/automatska_transmisija-300x169.webp\" alt=\"\" width=\"300\" height=\"169\" srcset=\"https:\/\/yamaha-centar.hr\/wp-content\/uploads\/2024\/11\/automatska_transmisija-300x169.webp 300w, https:\/\/yamaha-centar.hr\/wp-content\/uploads\/2024\/11\/automatska_transmisija-1024x576.webp 1024w, https:\/\/yamaha-centar.hr\/wp-content\/uploads\/2024\/11\/automatska_transmisija-768x432.webp 768w, https:\/\/yamaha-centar.hr\/wp-content\/uploads\/2024\/11\/automatska_transmisija-1536x864.webp 1536w, https:\/\/yamaha-centar.hr\/wp-content\/uploads\/2024\/11\/automatska_transmisija.webp 1600w\" sizes=\"auto, (max-width: 300px) 100vw, 300px\" \/><\/h6>\n<\/td>\n<\/tr>\n<\/tbody>\n<\/table>\n<table style=\"width: 100%; border-collapse: collapse; margin-bottom: 40px; margin-top: 40px;\">\n<tbody>\n<tr>\n<td style=\"width: 33%; border: 1px solid gray; text-align: center; padding: 10px;\"><img loading=\"lazy\" decoding=\"async\" class=\"alignnone size-medium wp-image-7817\" src=\"https:\/\/yamaha-centar.hr\/wp-content\/uploads\/2024\/11\/y-amt1-300x169.webp\" alt=\"\" width=\"300\" height=\"169\" srcset=\"https:\/\/yamaha-centar.hr\/wp-content\/uploads\/2024\/11\/y-amt1-300x169.webp 300w, https:\/\/yamaha-centar.hr\/wp-content\/uploads\/2024\/11\/y-amt1-1024x576.webp 1024w, https:\/\/yamaha-centar.hr\/wp-content\/uploads\/2024\/11\/y-amt1-768x432.webp 768w, https:\/\/yamaha-centar.hr\/wp-content\/uploads\/2024\/11\/y-amt1-1536x864.webp 1536w, https:\/\/yamaha-centar.hr\/wp-content\/uploads\/2024\/11\/y-amt1.webp 1600w\" sizes=\"auto, (max-width: 300px) 100vw, 300px\" \/><\/td>\n<td style=\"width: 33%; border: 1px solid gray; text-align: center; padding: 10px;\"><img loading=\"lazy\" decoding=\"async\" class=\"alignnone size-medium wp-image-7818\" src=\"https:\/\/yamaha-centar.hr\/wp-content\/uploads\/2024\/11\/y-amt2-300x169.webp\" alt=\"\" width=\"300\" height=\"169\" srcset=\"https:\/\/yamaha-centar.hr\/wp-content\/uploads\/2024\/11\/y-amt2-300x169.webp 300w, https:\/\/yamaha-centar.hr\/wp-content\/uploads\/2024\/11\/y-amt2-1024x576.webp 1024w, https:\/\/yamaha-centar.hr\/wp-content\/uploads\/2024\/11\/y-amt2-768x432.webp 768w, https:\/\/yamaha-centar.hr\/wp-content\/uploads\/2024\/11\/y-amt2-1536x864.webp 1536w, https:\/\/yamaha-centar.hr\/wp-content\/uploads\/2024\/11\/y-amt2.webp 1600w\" sizes=\"auto, (max-width: 300px) 100vw, 300px\" \/><\/td>\n<td style=\"width: 33%; border: 1px solid gray; text-align: center; padding: 10px;\"><img loading=\"lazy\" decoding=\"async\" class=\"alignnone size-medium wp-image-7819\" src=\"https:\/\/yamaha-centar.hr\/wp-content\/uploads\/2024\/11\/y-amt3-300x169.webp\" alt=\"\" width=\"300\" height=\"169\" srcset=\"https:\/\/yamaha-centar.hr\/wp-content\/uploads\/2024\/11\/y-amt3-300x169.webp 300w, https:\/\/yamaha-centar.hr\/wp-content\/uploads\/2024\/11\/y-amt3-1024x576.webp 1024w, https:\/\/yamaha-centar.hr\/wp-content\/uploads\/2024\/11\/y-amt3-768x432.webp 768w, https:\/\/yamaha-centar.hr\/wp-content\/uploads\/2024\/11\/y-amt3-1536x864.webp 1536w, https:\/\/yamaha-centar.hr\/wp-content\/uploads\/2024\/11\/y-amt3.webp 1600w\" sizes=\"auto, (max-width: 300px) 100vw, 300px\" \/><\/td>\n<\/tr>\n<\/tbody>\n<\/table>\n<h5>ANGA\u017dMAN<\/h5>\n<p>S bli\u017eom i profinjenijom vezom s mozgom nego stopalima, ruke su jedan od najtaktilnijih i najsna\u017enijih alata ljudskog tijela. Promjena brzina rukom, za razliku od kombinacije stopala i ruke, nije samo br\u017ea nego zahtijeva manje vremena za razmi\u0161ljanje, omogu\u0107uju\u0107i vam da se hiperfokusirate na primjenu gasa i ko\u010denja, kut nagiba, polo\u017eaj tijela i razinu prianjanja guma kako bi se intenzivirala vo\u017enja. S Y-AMT-om, ne morate pomicati lijevu nogu s oslonca, omogu\u0107uju\u0107i vam da se umjesto toga usredoto\u010dite na polo\u017eaj tijela i raspodjelu te\u017eine kroz oslonce kako biste pobolj\u0161ali kontrolu nad motociklom, posebno u zavojima.<\/p>\n<h5>U\u017dITAK<\/h5>\n<p>MT je razvijen kako bi poja\u010dao zabavu sportske vo\u017enje, maksimiziraju\u0107i karakteristike snage na\u0161ih dizajna motora s crossplane konceptom i najsportskijih na\u010dina vo\u017enje. A s brzinom i precizno\u0161\u0107u svake promjene brzina koja je dosljednija nego kod kori\u0161tenja \u010dak i najnovijeg quickshiftera, uzbu\u0111enje i adrenalin brzih promjena brzina u najsportskijim uvjetima vo\u017enje podi\u017eu uzbu\u0111enje na novu razinu. U svim na\u010dinima rada, Y-AMT pru\u017ea visok stupanj profinjenosti koji pobolj\u0161ava cjelokupno iskustvo, omogu\u0107uju\u0107i vam da se vi\u0161e usredoto\u010dite na vo\u017enju, a manje na mehaniku, uranjaju\u0107i se u u\u017eitak i preciznost vo\u017enje.<\/p>\n<h5>UZBU\u0110ENJE<\/h5>\n<p style=\"margin-bottom: 40px;\">Kao i svi na\u0161i tehnolo\u0161ki razvojni projekti, Y-AMT je ro\u0111en iz Jin-Ki Kanno, \u0161to je na\u0161 cilj pru\u017eiti vam zavodljivo uzbu\u0111enje postajanja jednim s ma\u0161inom. Zato Y-AMT svaku vo\u017enju \u010dini jo\u0161 zabavnijom i uzbudljivijom, uranjaju\u0107i vas u stanje protoka gdje svaki pokret izgleda prirodno i precizno. Poti\u010du\u0107i pravu simbiozu s motociklom, Y-AMT vam omogu\u0107uje da se usredoto\u010dite na gas, ko\u010denje i skretanje. Rezultat je vo\u017enja ispunjena adrenalinom koja svako putovanje pretvara u uzbudljivo i nezaboravno iskustvo.<\/p>\n<p><img loading=\"lazy\" decoding=\"async\" class=\"aligncenter wp-image-7838 size-medium\" src=\"https:\/\/yamaha-centar.hr\/wp-content\/uploads\/2024\/11\/Y-AMT_MODELI-300x43.webp\" alt=\"\" width=\"300\" height=\"43\" srcset=\"https:\/\/yamaha-centar.hr\/wp-content\/uploads\/2024\/11\/Y-AMT_MODELI-300x43.webp 300w, https:\/\/yamaha-centar.hr\/wp-content\/uploads\/2024\/11\/Y-AMT_MODELI-1024x146.webp 1024w, https:\/\/yamaha-centar.hr\/wp-content\/uploads\/2024\/11\/Y-AMT_MODELI-768x109.webp 768w, https:\/\/yamaha-centar.hr\/wp-content\/uploads\/2024\/11\/Y-AMT_MODELI-1536x219.webp 1536w, https:\/\/yamaha-centar.hr\/wp-content\/uploads\/2024\/11\/Y-AMT_MODELI.webp 1600w\" sizes=\"auto, (max-width: 300px) 100vw, 300px\" \/><\/p>\n<h5>DOSTUPNI MODELI Y-AMT<\/h5>\n<ul>\n<li id=\"yamt\"><a href=\"https:\/\/yamaha-centar.hr\/?p=7289\">MT-07<\/a><\/li>\n<li id=\"yamt\"><a href=\"https:\/\/yamaha-centar.hr\/?p=7386\">Tracer 9 GT+<\/a><\/li>\n<li id=\"yamt\"><a href=\"https:\/\/yamaha-centar.hr\/?p=7353\">Tracer 9 GT<\/a><\/li>\n<li id=\"yamt\"><a href=\"https:\/\/yamaha-centar.hr\/?p=7322\">Tracer 9<\/a><\/li>\n<\/ul>\n","protected":false},"excerpt":{"rendered":"<p>Svaki korak u na\u0161em tehnolo\u0161kom razvoju nastoji vam pru\u017eiti sve uronjenije iskustvo vo\u017enje, jo\u0161 zaraznije i zadovoljnije. Novi Yamaha Automatski Ru\u010dni Mjenja\u010d (Y-AMT) donosi taj osje\u0107aj na novu razinu, ozna\u010davaju\u0107i po\u010detak nove ere s naprednom tehnologijom promjene brzina koja uvodi novu dimenziju sportske vo\u017enje. TEHNOLOGIJA MIJENJANJA BRZINE NOVE GENERACIJE Y-AMT vam omogu\u0107uje da se potpuno [&hellip;]<\/p>\n","protected":false},"author":1,"featured_media":0,"parent":0,"menu_order":0,"comment_status":"closed","ping_status":"closed","template":"","meta":{"_bbp_topic_count":0,"_bbp_reply_count":0,"_bbp_total_topic_count":0,"_bbp_total_reply_count":0,"_bbp_voice_count":0,"_bbp_anonymous_reply_count":0,"_bbp_topic_count_hidden":0,"_bbp_reply_count_hidden":0,"_bbp_forum_subforum_count":0,"footnotes":""},"class_list":["post-7806","page","type-page","status-publish","hentry"],"yoast_head":"<!-- This site is optimized with the Yoast SEO plugin v23.0 - https:\/\/yoast.com\/wordpress\/plugins\/seo\/ -->\n<title>Y-AMT: Yamaha Automated Manual Transmission - Yamaha centar Zagreb<\/title>\n<meta name=\"robots\" content=\"index, follow, max-snippet:-1, max-image-preview:large, max-video-preview:-1\" \/>\n<link rel=\"canonical\" href=\"https:\/\/yamaha-centar.hr\/?page_id=7806\" \/>\n<meta property=\"og:locale\" content=\"hr_HR\" \/>\n<meta property=\"og:type\" content=\"article\" \/>\n<meta property=\"og:title\" content=\"Y-AMT: Yamaha Automated Manual Transmission - Yamaha centar Zagreb\" \/>\n<meta property=\"og:description\" content=\"Svaki korak u na\u0161em tehnolo\u0161kom razvoju nastoji vam pru\u017eiti sve uronjenije iskustvo vo\u017enje, jo\u0161 zaraznije i zadovoljnije. Novi Yamaha Automatski Ru\u010dni Mjenja\u010d (Y-AMT) donosi taj osje\u0107aj na novu razinu, ozna\u010davaju\u0107i po\u010detak nove ere s naprednom tehnologijom promjene brzina koja uvodi novu dimenziju sportske vo\u017enje. TEHNOLOGIJA MIJENJANJA BRZINE NOVE GENERACIJE Y-AMT vam omogu\u0107uje da se potpuno [&hellip;]\" \/>\n<meta property=\"og:url\" content=\"https:\/\/yamaha-centar.hr\/?page_id=7806\" \/>\n<meta property=\"og:site_name\" content=\"Yamaha centar Zagreb\" \/>\n<meta property=\"article:modified_time\" content=\"2024-11-07T12:48:48+00:00\" \/>\n<meta property=\"og:image\" content=\"https:\/\/yamaha-centar.hr\/wp-content\/uploads\/2024\/11\/rucna_transmisija-300x169.webp\" \/>\n<meta name=\"twitter:card\" content=\"summary_large_image\" \/>\n<meta name=\"twitter:label1\" content=\"Procijenjeno vrijeme \u010ditanja\" \/>\n\t<meta name=\"twitter:data1\" content=\"5 minuta\" \/>\n<script type=\"application\/ld+json\" class=\"yoast-schema-graph\">{\"@context\":\"https:\/\/schema.org\",\"@graph\":[{\"@type\":\"WebPage\",\"@id\":\"https:\/\/yamaha-centar.hr\/?page_id=7806\",\"url\":\"https:\/\/yamaha-centar.hr\/?page_id=7806\",\"name\":\"Y-AMT: Yamaha Automated Manual Transmission - Yamaha centar Zagreb\",\"isPartOf\":{\"@id\":\"https:\/\/yamaha-centar.hr\/#website\"},\"primaryImageOfPage\":{\"@id\":\"https:\/\/yamaha-centar.hr\/?page_id=7806#primaryimage\"},\"image\":{\"@id\":\"https:\/\/yamaha-centar.hr\/?page_id=7806#primaryimage\"},\"thumbnailUrl\":\"https:\/\/yamaha-centar.hr\/wp-content\/uploads\/2024\/11\/rucna_transmisija-300x169.webp\",\"datePublished\":\"2024-11-07T09:43:01+00:00\",\"dateModified\":\"2024-11-07T12:48:48+00:00\",\"breadcrumb\":{\"@id\":\"https:\/\/yamaha-centar.hr\/?page_id=7806#breadcrumb\"},\"inLanguage\":\"hr\",\"potentialAction\":[{\"@type\":\"ReadAction\",\"target\":[\"https:\/\/yamaha-centar.hr\/?page_id=7806\"]}]},{\"@type\":\"ImageObject\",\"inLanguage\":\"hr\",\"@id\":\"https:\/\/yamaha-centar.hr\/?page_id=7806#primaryimage\",\"url\":\"https:\/\/yamaha-centar.hr\/wp-content\/uploads\/2024\/11\/rucna_transmisija.webp\",\"contentUrl\":\"https:\/\/yamaha-centar.hr\/wp-content\/uploads\/2024\/11\/rucna_transmisija.webp\",\"width\":1600,\"height\":900},{\"@type\":\"BreadcrumbList\",\"@id\":\"https:\/\/yamaha-centar.hr\/?page_id=7806#breadcrumb\",\"itemListElement\":[{\"@type\":\"ListItem\",\"position\":1,\"name\":\"Naslovna\",\"item\":\"https:\/\/yamaha-centar.hr\/\"},{\"@type\":\"ListItem\",\"position\":2,\"name\":\"Y-AMT: Yamaha Automated Manual Transmission\"}]},{\"@type\":\"WebSite\",\"@id\":\"https:\/\/yamaha-centar.hr\/#website\",\"url\":\"https:\/\/yamaha-centar.hr\/\",\"name\":\"Yamaha centar Zagreb\",\"description\":\"yamaha \/ motocikli \/ motori \/ skuteri \/ e-bicikli\",\"publisher\":{\"@id\":\"https:\/\/yamaha-centar.hr\/#organization\"},\"potentialAction\":[{\"@type\":\"SearchAction\",\"target\":{\"@type\":\"EntryPoint\",\"urlTemplate\":\"https:\/\/yamaha-centar.hr\/?s={search_term_string}\"},\"query-input\":\"required name=search_term_string\"}],\"inLanguage\":\"hr\"},{\"@type\":\"Organization\",\"@id\":\"https:\/\/yamaha-centar.hr\/#organization\",\"name\":\"Yamaha centar Zagreb\",\"url\":\"https:\/\/yamaha-centar.hr\/\",\"logo\":{\"@type\":\"ImageObject\",\"inLanguage\":\"hr\",\"@id\":\"https:\/\/yamaha-centar.hr\/#\/schema\/logo\/image\/\",\"url\":\"https:\/\/yamaha-centar.hr\/wp-content\/uploads\/2025\/02\/logo-nova-yamaha.jpg\",\"contentUrl\":\"https:\/\/yamaha-centar.hr\/wp-content\/uploads\/2025\/02\/logo-nova-yamaha.jpg\",\"width\":70,\"height\":70,\"caption\":\"Yamaha centar Zagreb\"},\"image\":{\"@id\":\"https:\/\/yamaha-centar.hr\/#\/schema\/logo\/image\/\"}}]}<\/script>\n<!-- \/ Yoast SEO plugin. -->","yoast_head_json":{"title":"Y-AMT: Yamaha Automated Manual Transmission - Yamaha centar Zagreb","robots":{"index":"index","follow":"follow","max-snippet":"max-snippet:-1","max-image-preview":"max-image-preview:large","max-video-preview":"max-video-preview:-1"},"canonical":"https:\/\/yamaha-centar.hr\/?page_id=7806","og_locale":"hr_HR","og_type":"article","og_title":"Y-AMT: Yamaha Automated Manual Transmission - Yamaha centar Zagreb","og_description":"Svaki korak u na\u0161em tehnolo\u0161kom razvoju nastoji vam pru\u017eiti sve uronjenije iskustvo vo\u017enje, jo\u0161 zaraznije i zadovoljnije. Novi Yamaha Automatski Ru\u010dni Mjenja\u010d (Y-AMT) donosi taj osje\u0107aj na novu razinu, ozna\u010davaju\u0107i po\u010detak nove ere s naprednom tehnologijom promjene brzina koja uvodi novu dimenziju sportske vo\u017enje. TEHNOLOGIJA MIJENJANJA BRZINE NOVE GENERACIJE Y-AMT vam omogu\u0107uje da se potpuno [&hellip;]","og_url":"https:\/\/yamaha-centar.hr\/?page_id=7806","og_site_name":"Yamaha centar Zagreb","article_modified_time":"2024-11-07T12:48:48+00:00","og_image":[{"url":"https:\/\/yamaha-centar.hr\/wp-content\/uploads\/2024\/11\/rucna_transmisija-300x169.webp"}],"twitter_card":"summary_large_image","twitter_misc":{"Procijenjeno vrijeme \u010ditanja":"5 minuta"},"schema":{"@context":"https:\/\/schema.org","@graph":[{"@type":"WebPage","@id":"https:\/\/yamaha-centar.hr\/?page_id=7806","url":"https:\/\/yamaha-centar.hr\/?page_id=7806","name":"Y-AMT: Yamaha Automated Manual Transmission - Yamaha centar Zagreb","isPartOf":{"@id":"https:\/\/yamaha-centar.hr\/#website"},"primaryImageOfPage":{"@id":"https:\/\/yamaha-centar.hr\/?page_id=7806#primaryimage"},"image":{"@id":"https:\/\/yamaha-centar.hr\/?page_id=7806#primaryimage"},"thumbnailUrl":"https:\/\/yamaha-centar.hr\/wp-content\/uploads\/2024\/11\/rucna_transmisija-300x169.webp","datePublished":"2024-11-07T09:43:01+00:00","dateModified":"2024-11-07T12:48:48+00:00","breadcrumb":{"@id":"https:\/\/yamaha-centar.hr\/?page_id=7806#breadcrumb"},"inLanguage":"hr","potentialAction":[{"@type":"ReadAction","target":["https:\/\/yamaha-centar.hr\/?page_id=7806"]}]},{"@type":"ImageObject","inLanguage":"hr","@id":"https:\/\/yamaha-centar.hr\/?page_id=7806#primaryimage","url":"https:\/\/yamaha-centar.hr\/wp-content\/uploads\/2024\/11\/rucna_transmisija.webp","contentUrl":"https:\/\/yamaha-centar.hr\/wp-content\/uploads\/2024\/11\/rucna_transmisija.webp","width":1600,"height":900},{"@type":"BreadcrumbList","@id":"https:\/\/yamaha-centar.hr\/?page_id=7806#breadcrumb","itemListElement":[{"@type":"ListItem","position":1,"name":"Naslovna","item":"https:\/\/yamaha-centar.hr\/"},{"@type":"ListItem","position":2,"name":"Y-AMT: Yamaha Automated Manual Transmission"}]},{"@type":"WebSite","@id":"https:\/\/yamaha-centar.hr\/#website","url":"https:\/\/yamaha-centar.hr\/","name":"Yamaha centar Zagreb","description":"yamaha \/ motocikli \/ motori \/ skuteri \/ e-bicikli","publisher":{"@id":"https:\/\/yamaha-centar.hr\/#organization"},"potentialAction":[{"@type":"SearchAction","target":{"@type":"EntryPoint","urlTemplate":"https:\/\/yamaha-centar.hr\/?s={search_term_string}"},"query-input":"required name=search_term_string"}],"inLanguage":"hr"},{"@type":"Organization","@id":"https:\/\/yamaha-centar.hr\/#organization","name":"Yamaha centar Zagreb","url":"https:\/\/yamaha-centar.hr\/","logo":{"@type":"ImageObject","inLanguage":"hr","@id":"https:\/\/yamaha-centar.hr\/#\/schema\/logo\/image\/","url":"https:\/\/yamaha-centar.hr\/wp-content\/uploads\/2025\/02\/logo-nova-yamaha.jpg","contentUrl":"https:\/\/yamaha-centar.hr\/wp-content\/uploads\/2025\/02\/logo-nova-yamaha.jpg","width":70,"height":70,"caption":"Yamaha centar Zagreb"},"image":{"@id":"https:\/\/yamaha-centar.hr\/#\/schema\/logo\/image\/"}}]}},"rttpg_featured_image_url":null,"rttpg_author":{"display_name":"yamaha","author_link":"https:\/\/yamaha-centar.hr\/?author=1"},"rttpg_comment":0,"rttpg_category":null,"rttpg_excerpt":"Svaki korak u na\u0161em tehnolo\u0161kom razvoju nastoji vam pru\u017eiti sve uronjenije iskustvo vo\u017enje, jo\u0161 zaraznije i zadovoljnije. Novi Yamaha Automatski Ru\u010dni Mjenja\u010d (Y-AMT) donosi taj osje\u0107aj na novu razinu, ozna\u010davaju\u0107i po\u010detak nove ere s naprednom tehnologijom promjene brzina koja uvodi novu dimenziju sportske vo\u017enje. TEHNOLOGIJA MIJENJANJA BRZINE NOVE GENERACIJE Y-AMT vam omogu\u0107uje da se potpuno&hellip;","_links":{"self":[{"href":"https:\/\/yamaha-centar.hr\/index.php?rest_route=\/wp\/v2\/pages\/7806","targetHints":{"allow":["GET"]}}],"collection":[{"href":"https:\/\/yamaha-centar.hr\/index.php?rest_route=\/wp\/v2\/pages"}],"about":[{"href":"https:\/\/yamaha-centar.hr\/index.php?rest_route=\/wp\/v2\/types\/page"}],"author":[{"embeddable":true,"href":"https:\/\/yamaha-centar.hr\/index.php?rest_route=\/wp\/v2\/users\/1"}],"replies":[{"embeddable":true,"href":"https:\/\/yamaha-centar.hr\/index.php?rest_route=%2Fwp%2Fv2%2Fcomments&post=7806"}],"version-history":[{"count":22,"href":"https:\/\/yamaha-centar.hr\/index.php?rest_route=\/wp\/v2\/pages\/7806\/revisions"}],"predecessor-version":[{"id":7862,"href":"https:\/\/yamaha-centar.hr\/index.php?rest_route=\/wp\/v2\/pages\/7806\/revisions\/7862"}],"wp:attachment":[{"href":"https:\/\/yamaha-centar.hr\/index.php?rest_route=%2Fwp%2Fv2%2Fmedia&parent=7806"}],"curies":[{"name":"wp","href":"https:\/\/api.w.org\/{rel}","templated":true}]}}